late the greatest common factor of k and 22.
22
Let q(w) = 18*w - 4. Let i be q(3). What is the greatest common divisor of 5 and i?
5
Suppose -10 = 2*f, 8*p - 3*p + 5*f = 910. Suppose -4*g = -46 - 22. Calculate the highest common divisor of g and p.
17
Let i be -1 - (0 + 2 + -2). Let n(m) = -14*m**3 - m - 1. Let t be n(i). What is the greatest common factor of t and 70?
14
Suppose x + 8 = -4*f, 89 - 26 = 4*x - 3*f. Let d be 66/x + 3/(-2). Suppose 2*m = d + 20. What is the highest common divisor of 36 and m?
12
Let h(d) = d**2 - 7*d - 8. Let g be h(8). Suppose -140 = -z - g*z. What is the greatest common factor of z and 14?
14
Let l = 93 + -65. Calculate the greatest common divisor of l and 21.
7
Suppose 3*v + 5*a - 168 = 0, 0 = 2*v + a - 107 - 12. Suppose -x - 2*s = s - 9, 5*x - v = s. Calculate the highest common factor of x and 30.
6
Suppose -3*j - 69 = -2*u, -2*u - u + 5*j = -104. Calculate the highest common factor of u and 3.
3
Let y(t) = -26*t + 1. Let s be y(-1). Let b be (-3 - 0 - s)*-1. Calculate the greatest common factor of 10 and b.
10
Let z(a) = -34*a - 3. Let n be (4/(-4))/(1/3). Let p be z(n). Suppose 3*r + g - 10 - 22 = 0, 2*r = -2*g + 28. What is the highest common factor of r and p?
9
Let c(z) = 2*z**2 + 8*z + 10. Let k be c(-4). Let p(y) = y**3 - 10*y**2 + y - 5. Let r be p(k). Calculate the highest common factor of 55 and r.
5
Suppose -3*f - 11 = -4*f. Suppose 3*z = -2*i + 28, 5*i = 4*z + f + 13. What is the highest common divisor of 1 and i?
1
Suppose r - 4*f = 5*r + 20, -f = -2*r - 7. Let z = 19 - r. Suppose 3*l - 34 = z. Calculate the greatest common divisor of l and 19.
19
Suppose 4*a = 10 - 106. Let d = -20 - a. Calculate the highest common divisor of 8 and d.
4
Let j = 100 - 91. What is the greatest common divisor of j and 36?
9
Let l = -108 - -109. Calculate the greatest common divisor of l and 31.
1
Suppose 0 = -a - 0*a + 4*i - 20, -5*a - i - 58 = 0. Let j = 23 + a. What is the greatest common divisor of 99 and j?
11
Suppose -2*l + 5*u = -5 - 26, -47 = -4*l + 5*u. Let s(x) = 12*x + 1. Let f be s(3). Let h = f - -3. Calculate the highest common divisor of l and h.
8
Suppose -5*w + 20 = 0, h + 32 = 5*h - w. Calculate the greatest common divisor of 81 and h.
9
Suppose -3*m - 20 = -2*f + 19, 2*f - 29 = m. What is the greatest common divisor of f and 96?
12
Let i be (4 - -8)*(-30)/(-8). What is the highest common factor of 72 and i?
9
Let x(j) = 4*j**2 + 1. Let g be x(-1). Calculate the greatest common factor of g and 5.
5
Suppose s + 112 = 6*s - 3*t, -4*t = 4*s - 96. Calculate the highest common divisor of 23 and s.
23
Suppose 3*j = 3 + 9. Let x be 7/((-14)/j) - -27. Calculate the greatest common factor of 125 and x.
25
Let q(b) = -b**2 - 7*b - 6. Let u be q(-5). Suppose h - 30 = -0*w - 2*w, -3*h - u*w = -92. What is the greatest common divisor of 4 and h?
4
Let o be (-380)/(-12) - 2/(-6). Let i = 50 - o. Calculate the highest common divisor of 2 and i.
2
Let r be ((-20)/(-15))/((-4)/(-96)). What is the greatest common factor of 48 and r?
16
Let t(l) = -l**2 + 9*l + 22. Let g be t(10). What is the highest common factor of g and 12?
12
Let n be (36/10)/(((-117)/30)/(-13)). What is the greatest common divisor of 24 and n?
12
Let l be 32 + 4/(3 + 1). Calculate the greatest common factor of 3 and l.
3
Let o = 31 - 23. Let d(r) = 2*r**2 - 2*r. Let a be d(2). Calculate the highest common divisor of a and o.
4
Suppose -22 = 5*b - 142. Suppose 0 = -0*d - 3*d + b. Suppose -2*p = -0*p - d. Calculate the greatest common divisor of p and 20.
4
Let i(p) be the third derivative of p**5/20 + p**4/8 - 2*p**3/3 - 2*p**2. Let u be i(-3). Let r = -73 + 129. What is the greatest common factor of u and r?
14
Let g be 6*((-6)/9 + 2). Calculate the greatest common factor of g and 24.
8
Let w = 6 - 2. What is the greatest common divisor of w and 8?
4
Suppose 5*l - 2*i - 2 - 28 = 0, 4*l + i = 11. Let z(g) = g**3 - 2*g**2 - 4*g. Let f be z(4). Calculate the greatest common divisor of l and f.
4
Let l = -83 - -139. Suppose 0*m = 4*m. Suppose -2*v + 9 = 5*y, m = 2*v + y - 2*y - 15. What is the highest common divisor of v and l?
7
Let z = 2 - 12. Let i be (-224)/(-35) + 4/z. What is the highest common divisor of i and 4?
2
Let t = 106 - 78. What is the highest common divisor of 70 and t?
14
Let r = 4 - 3. What is the highest common factor of 9 and r?
1
Let u(v) = -2*v**2 - 8*v - 4. Let s be u(-3). Let r be (1/(-2))/(2/(-16)). Suppose -34 - s = -r*m. What is the greatest common factor of m and 36?
9
Let j = -46 + 90. Calculate the greatest common divisor of 396 and j.
44
Let f be (-3 - -5) + (-1 - -78). Let l = f + -35. What is the greatest common factor of 4 and l?
4
Let t be (15 + -1 + 1)/1. Suppose 3*k - 88 = -10*m + 12*m, 3*k + 2*m = 92. What is the highest common divisor of t and k?
15
Suppose -2*z + 6 = 3*q - 1, -z - 1 = 0. Let w = q + 3. Let m(i) = i**2 - 6*i + 9. Let a be m(w). What is the greatest common factor of a and 9?
9
Suppose -5*m = 5*s - 20, -2*s + 11 = -m - 3. What is the greatest common divisor of s and 6?
6
Suppose -w + 5*f = 2*w - 21, f + 3 = 0. Suppose x = -4*y - 8, -w*x = x - 2*y + 24. Let z be 27*(x/6 - -2). Calculate the greatest common divisor of 12 and z.
6
Let x(s) = -2*s**2 + 2*s - 2. Let l be x(-4). Let q be l/4*10*-1. What is the greatest common divisor of 21 and q?
21
Let w be (-9 + -3)*((-1)/(-1) + -2). Calculate the highest common factor of w and 84.
12
Suppose -v + 3*g + 43 = 0, 3*g = -5*v + 277 - 80. What is the greatest common divisor of 8 and v?
8
Let t be 5*34/8*4. Calculate the greatest common factor of 34 and t.
17
Let n(v) = v + 2. Suppose 51 = 5*u - h - 3*h, -1 = -3*u - 5*h. Let q be n(u). What is the greatest common divisor of q and 72?
9
Let k be 5*2*1/(-5). Let y be (0 - k/(-4))*0. Suppose 0 = -a - y*a + 6. What is the greatest common factor of a and 54?
6
Let p = 380 - 220. Calculate the greatest common divisor of p and 32.
32
Let m(d) = d**3 - d**2 + 1. Let a be m(0). Suppose 9*g - 10 = 62. Calculate the highest common factor of a and g.
1
Let b(i) = 44*i**2 - 1. Let c be b(-1). Let w = c - 29. What is the greatest common divisor of 126 and w?
14
Suppose -4*p = 2*p - 18. Calculate the highest common divisor of p and 15.
3
Suppose 0 = -4*o + 4, 2*o - 7*o = 3*u - 122. Suppose -4*l + 2*g + 36 = -0*l, 5*l - 4*g = u. What is the greatest common factor of 77 and l?
11
Let p(i) = -13*i - 1. Suppose -5*o + 8 - 13 = 0. Let x be p(o). What is the highest common factor of 4 and x?
4
Suppose 4*k = 3 + 5. Let a be ((-36)/15 + k)*-15. What is the greatest common divisor of a and 3?
3
Suppose w + 2*w = 36. Calculate the greatest common divisor of w and 12.
12
Let g = 10 - 8. Suppose 0 = 3*k + 2*s - 134, g*k - 121 = -0*s + 5*s. What is the greatest common factor of k and 16?
16
Let b(z) = -z + 8. Let v be b(4). Suppose -100 = -v*r + 68. Calculate the greatest common divisor of r and 6.
6
Suppose g - 2*g + 6 = 0. Let w be (-2 - -5)*(-12)/(-9). What is the highest common divisor of g and w?
2
Let h(w) = -w**3 + 4*w**2 - 3*w + 1. Let s be h(3). Calculate the highest common factor of s and 2.
1
Let w(r) = 6*r - 5*r - 2*r + 3. Let g be w(3). Suppose g = o + 2*o - 3. Calculate the greatest common factor of o and 1.
1
Let z = 10 - 79. Let v = -3 - z. Calculate the greatest common factor of 11 and v.
11
Let u(a) = -a - 7. Let i be u(-7). Let y be 3 - (i + 2) - 0. Let x = 91 - y. What is the highest common factor of 10 and x?
10
Suppose -3*d - 183 = -n, -4*n + 0*n - 5*d = -647. Calculate the greatest common factor of 21 and n.
21
Suppose 3*x + 4*o = 190, -3*o = -2*o + 5. What is the greatest common factor of 14 and x?
14
Suppose 162 = 5*h - 4*p, 2*p - 2 - 2 = 0. Let t = -67 + h. Let s be 2*t/6*-2. Calculate the highest common divisor of 55 and s.
11
Let i be 14 + (-8 - (-7 - -3)). Calculate the greatest common factor of i and 70.
10
Let s(f) = -f + 5. Let h be s(5). Suppose -r + 3*r + 32 = h. Let j be (r - -1)*(-2)/2. What is the greatest common divisor of 45 and j?
15
Let i be (-24)/9*(-18)/(-6). Let o be (-297)/(-18)*i/(-6). What is the highest common factor of 11 and o?
11
Let k be 2/10 + 3585/75. Suppose 3*b + b = 48. Calculate the highest common factor of k and b.
12
Let m be 4/6 + (-40)/(-3). Let z be 3/6 + 262/4. L